{"id":958,"date":"2018-01-26T08:24:30","date_gmt":"2018-01-26T08:24:30","guid":{"rendered":"http:\/\/www.zelena-tocka.si\/ptujski-luk\/lukarske-kmetije\/"},"modified":"2019-12-24T08:23:38","modified_gmt":"2019-12-24T08:23:38","slug":"farms-growing-ptujski-luk","status":"publish","type":"page","link":"https:\/\/zelena-tocka.si\/ptujski-luk\/en\/farms-growing-ptujski-luk\/","title":{"rendered":"Farms growing Ptujski l\u00fck"},"content":{"rendered":"<p>[vc_row][vc_column][vc_column_text]Once a vital source of income for families living on the Ptujsko polje, Ptujski l\u00fck is now part of a well-preserved tradition and the direct fruit of growers\u2019 labour, since most of the production process has remained manual. Only six families still grow Ptuski l\u00fck on the Ptujsko polje using the original methods; this has earned them the Protected Geographical Indication certificate.<br \/>\nThough using traditional methods, these growers plant over 1 million onion sets every year, producing over 100 tons of onions![\/vc_column_text][\/vc_column][\/vc_row][vc_row][vc_column][vc_custom_heading text=&#8221;Erhati\u010d Farm&#8221; font_container=&#8221;tag:h3|text_align:left|color:%23b22e20&#8243; use_theme_fonts=&#8221;yes&#8221;][vc_column_text]The Erhati\u010d farm has been growing Ptujski l\u00fck using integrated methods since 2007. The farm has been run by Janko Erhati\u010d since 1994 and on their 24\u00a0ha of land the family raises cattle and grows vegetables and other crops. The Erhati\u010d family currently has 10 dairy cows, as well as other cattle. The four family members working on the farm always provide their customers with the best produce and are especially proud of their Ptujski l\u00fck, their potatoes, and their beetroot \u2013 which take up most of their time and attention.[\/vc_column_text][\/vc_column][\/vc_row][vc_row][vc_column width=&#8221;1\/2&#8243;][vc_single_image image=&#8221;216&#8243; img_size=&#8221;full&#8221; alignment=&#8221;center&#8221; onclick=&#8221;link_image&#8221;][\/vc_column][vc_column width=&#8221;1\/2&#8243;][vc_single_image image=&#8221;218&#8243; img_size=&#8221;full&#8221; onclick=&#8221;link_image&#8221;][vc_single_image image=&#8221;219&#8243; img_size=&#8221;full&#8221; alignment=&#8221;center&#8221; onclick=&#8221;link_image&#8221;][\/vc_column][\/vc_row][vc_row][vc_column][vc_custom_heading text=&#8221;Klinc Miran&#8221; font_container=&#8221;tag:h3|text_align:left|color:%23b22e20&#8243; use_theme_fonts=&#8221;yes&#8221;][vc_column_text]The Klinc farm in Gori\u0161nica has been cultivating Ptujski l\u00fck with the Protected Geographical Indication label for several years now.[\/vc_column_text][vc_single_image image=&#8221;222&#8243; img_size=&#8221;full&#8221; alignment=&#8221;center&#8221; onclick=&#8221;link_image&#8221;][\/vc_column][\/vc_row][vc_row][vc_column][vc_custom_heading text=&#8221;Majeri\u010d Branko and Vasja&#8221; font_container=&#8221;tag:h3|text_align:left|color:%23b22e20&#8243; use_theme_fonts=&#8221;yes&#8221;][vc_column_text]The Majeri\u010d farm lies in the heart of the Ptujsko polje, in Mo\u0161kanjci. This longstanding farm grows two types of vegetables in addition to crops such as wheat, maize, sunflower, and oilseed rape. The farm produces white cabbage for fermentation, as well as the 200-year-old indigenous onion variety Ptujski luk. Given that this variety is an established specialty and a traditional crop of the Ptujsko polje region, special effort is put into its cultivation, with the aim of preserving it for future generations. The farm is dedicated to offering their customers a local product, grown in Slovenian soil, by cultivating the first vegetable in Slovenia to earn the coveted Protected Geographical Indication certificate, and the European protection label in December 2011. The farm\u2019s methods have been monitored since 2002; they grow their vegetables in designated fields, using crop rotation and best agricultural practice.[\/vc_column_text][vc_single_image image=&#8221;229&#8243; img_size=&#8221;full&#8221; onclick=&#8221;link_image&#8221;][\/vc_column][\/vc_row][vc_row][vc_column][vc_custom_heading text=&#8221;Petrovi\u010d Anica&#8221; font_container=&#8221;tag:h3|text_align:left|color:%23b22e20&#8243; use_theme_fonts=&#8221;yes&#8221;][vc_column_text]The Petrovi\u010d farm in Prvenci is a small, mixed farm, which raises livestock and grows various crops. They have been cultivating Ptujski l\u00fck since 2007 and obtained the Protected Geographical Indication certificate in 2011. They were inspired to start growing Ptujski l\u00fck by Miran Klinc, and the whole family is involved in this work.[\/vc_column_text][vc_single_image image=&#8221;234&#8243; img_size=&#8221;full&#8221; onclick=&#8221;link_image&#8221;][\/vc_column][\/vc_row][vc_row][vc_column][vc_custom_heading text=&#8221;Pignar Farm&#8221; font_container=&#8221;tag:h3|text_align:left|color:%23b22e20&#8243; use_theme_fonts=&#8221;yes&#8221;][vc_column_text]Slavica Pignar\u2019s farm is located in Zamu\u0161ani and produces the onion using environmentally friendly methods.[\/vc_column_text][vc_single_image image=&#8221;233&#8243; img_size=&#8221;full&#8221; onclick=&#8221;link_image&#8221;][vc_row_inner][vc_column_inner width=&#8221;1\/3&#8243;][vc_single_image image=&#8221;232&#8243; img_size=&#8221;full&#8221; onclick=&#8221;link_image&#8221;][\/vc_column_inner][vc_column_inner width=&#8221;1\/3&#8243;][vc_single_image image=&#8221;231&#8243; img_size=&#8221;full&#8221; onclick=&#8221;link_image&#8221;][\/vc_column_inner][vc_column_inner width=&#8221;1\/3&#8243;][vc_single_image image=&#8221;230&#8243; img_size=&#8221;full&#8221; onclick=&#8221;link_image&#8221;][\/vc_column_inner][\/vc_row_inner][\/vc_column][\/vc_row][vc_row][vc_column][vc_custom_heading text=&#8221;Janez Horvat \u2013 Go\u010dlova farm&#8221; font_container=&#8221;tag:h3|text_align:left|color:%23b22e20&#8243; use_theme_fonts=&#8221;yes&#8221;][vc_column_text]Go\u010dlova farm is one of the oldest farms to grow Ptujski l\u00fck and is now protected as a piece of cultural heritage.\u00a0It lies in the heart of the Ptujsko polje, in Zagoji\u010di next to the chapel in the Gori\u0161nica municipality. The name &#8216;Go\u010dlova&#8217; farm first appeared in historical records in 1322, and the owner\u2019s ancestors have been growing onions on this land for over 300 years. They would transport the onions via horse and cart to Maribor and Ptuj farmers\u2019 markets, where they sold them braided or in bags per kilo. According to the owner\u2019s grandmother, they also sold the variety to Viennese nobles![\/vc_column_text][vc_single_image image=&#8221;223&#8243; img_size=&#8221;full&#8221; onclick=&#8221;link_image&#8221;][vc_single_image image=&#8221;224&#8243; img_size=&#8221;full&#8221; onclick=&#8221;link_image&#8221;][vc_column_text]Today, this thriving family faithfully maintains tradition, growing the onions and braiding them in braids, or &#8216;krenci&#8217;, following the established family tradition. They sell their onions from late August to early March. The braids each consist of 12 onions, packed in special boxes to suit different occasions, and are also supplied in bulk, according to customer needs. The farm\u2019s motivation is to provide consumers with healthy and safe food. Their door is always open to visitors.[\/vc_column_text][vc_single_image image=&#8221;225&#8243; img_size=&#8221;full&#8221; onclick=&#8221;link_image&#8221;][vc_row_inner][vc_column_inner width=&#8221;1\/2&#8243;][vc_single_image image=&#8221;226&#8243; img_size=&#8221;full&#8221; onclick=&#8221;link_image&#8221;][\/vc_column_inner][vc_column_inner width=&#8221;1\/2&#8243;][vc_single_image image=&#8221;227&#8243; img_size=&#8221;full&#8221; onclick=&#8221;link_image&#8221;][\/vc_column_inner][\/vc_row_inner][vc_single_image image=&#8221;228&#8243; img_size=&#8221;full&#8221; onclick=&#8221;link_image&#8221;][\/vc_column][\/vc_row]<\/p>\n","protected":false},"excerpt":{"rendered":"<p>[vc_row][vc_column][vc_column_text]Once a vital source of income for families living on the Ptujsko polje, Ptujski l\u00fck is now part of a well-preserved tradition and the direct fruit of growers\u2019 labour, since most of the production process has remained manual. Only six families still grow Ptuski l\u00fck on the Ptujsko polje using the original methods; this has [&#8230;]<\/p>\n<p><a class=\"btn btn-secondary understrap-read-more-link\" href=\"https:\/\/zelena-tocka.si\/ptujski-luk\/en\/farms-growing-ptujski-luk\/\">Preberi ve\u010d \u00bb<\/a><\/p>\n","protected":false},"author":4,"featured_media":0,"parent":0,"menu_order":0,"comment_status":"closed","ping_status":"closed","template":"page-templates\/right-sidebarpage.php","meta":{"footnotes":""},"class_list":["post-958","page","type-page","status-publish","hentry"],"yoast_head":"<!-- This site is optimized with the Yoast SEO plugin v27.3 - https:\/\/yoast.com\/product\/yoast-seo-wordpress\/ -->\n<title>Farms growing Ptujski l\u00fck - Ptujski l\u00fck<\/title>\n<meta name=\"robots\" content=\"index, follow, max-snippet:-1, max-image-preview:large, max-video-preview:-1\" \/>\n<link rel=\"canonical\" href=\"https:\/\/zelena-tocka.si\/ptujski-luk\/farms-growing-ptujski-luk\/\" \/>\n<meta property=\"og:locale\" content=\"sl_SI\" \/>\n<meta property=\"og:type\" content=\"article\" \/>\n<meta property=\"og:title\" content=\"Farms growing Ptujski l\u00fck - Ptujski l\u00fck\" \/>\n<meta property=\"og:description\" content=\"[vc_row][vc_column][vc_column_text]Once a vital source of income for families living on the Ptujsko polje, Ptujski l\u00fck is now part of a well-preserved tradition and the direct fruit of growers\u2019 labour, since most of the production process has remained manual. Only six families still grow Ptuski l\u00fck on the Ptujsko polje using the original methods; this has [...]Preberi ve\u010d \u00bb\" \/>\n<meta property=\"og:url\" content=\"https:\/\/zelena-tocka.si\/ptujski-luk\/en\/farms-growing-ptujski-luk\/\" \/>\n<meta property=\"og:site_name\" content=\"Ptujski l\u00fck\" \/>\n<meta property=\"article:modified_time\" content=\"2019-12-24T08:23:38+00:00\" \/>\n<meta name=\"twitter:card\" content=\"summary_large_image\" \/>\n<meta name=\"twitter:label1\" content=\"Est. reading time\" \/>\n\t<meta name=\"twitter:data1\" content=\"5 minut\" \/>\n<script type=\"application\/ld+json\" class=\"yoast-schema-graph\">{\"@context\":\"https:\\\/\\\/schema.org\",\"@graph\":[{\"@type\":\"WebPage\",\"@id\":\"https:\\\/\\\/zelena-tocka.si\\\/ptujski-luk\\\/en\\\/farms-growing-ptujski-luk\\\/\",\"url\":\"https:\\\/\\\/zelena-tocka.si\\\/ptujski-luk\\\/en\\\/farms-growing-ptujski-luk\\\/\",\"name\":\"Farms growing Ptujski l\u00fck - Ptujski l\u00fck\",\"isPartOf\":{\"@id\":\"https:\\\/\\\/zelena-tocka.si\\\/ptujski-luk\\\/#website\"},\"datePublished\":\"2018-01-26T08:24:30+00:00\",\"dateModified\":\"2019-12-24T08:23:38+00:00\",\"breadcrumb\":{\"@id\":\"https:\\\/\\\/zelena-tocka.si\\\/ptujski-luk\\\/en\\\/farms-growing-ptujski-luk\\\/#breadcrumb\"},\"inLanguage\":\"sl-SI\",\"potentialAction\":[{\"@type\":\"ReadAction\",\"target\":[\"https:\\\/\\\/zelena-tocka.si\\\/ptujski-luk\\\/en\\\/farms-growing-ptujski-luk\\\/\"]}]},{\"@type\":\"BreadcrumbList\",\"@id\":\"https:\\\/\\\/zelena-tocka.si\\\/ptujski-luk\\\/en\\\/farms-growing-ptujski-luk\\\/#breadcrumb\",\"itemListElement\":[{\"@type\":\"ListItem\",\"position\":1,\"name\":\"Home\",\"item\":\"https:\\\/\\\/zelena-tocka.si\\\/ptujski-luk\\\/\"},{\"@type\":\"ListItem\",\"position\":2,\"name\":\"Farms growing Ptujski l\u00fck\"}]},{\"@type\":\"WebSite\",\"@id\":\"https:\\\/\\\/zelena-tocka.si\\\/ptujski-luk\\\/#website\",\"url\":\"https:\\\/\\\/zelena-tocka.si\\\/ptujski-luk\\\/\",\"name\":\"Ptujski l\u00fck\",\"description\":\"Kralj \u010debul\",\"publisher\":{\"@id\":\"https:\\\/\\\/zelena-tocka.si\\\/ptujski-luk\\\/#organization\"},\"potentialAction\":[{\"@type\":\"SearchAction\",\"target\":{\"@type\":\"EntryPoint\",\"urlTemplate\":\"https:\\\/\\\/zelena-tocka.si\\\/ptujski-luk\\\/?s={search_term_string}\"},\"query-input\":{\"@type\":\"PropertyValueSpecification\",\"valueRequired\":true,\"valueName\":\"search_term_string\"}}],\"inLanguage\":\"sl-SI\"},{\"@type\":\"Organization\",\"@id\":\"https:\\\/\\\/zelena-tocka.si\\\/ptujski-luk\\\/#organization\",\"name\":\"Ptujski l\u00fck\",\"url\":\"https:\\\/\\\/zelena-tocka.si\\\/ptujski-luk\\\/\",\"logo\":{\"@type\":\"ImageObject\",\"inLanguage\":\"sl-SI\",\"@id\":\"https:\\\/\\\/zelena-tocka.si\\\/ptujski-luk\\\/#\\\/schema\\\/logo\\\/image\\\/\",\"url\":\"https:\\\/\\\/zelena-tocka.si\\\/ptujski-luk\\\/wp-content\\\/uploads\\\/2018\\\/02\\\/cropped-logo_web.png\",\"contentUrl\":\"https:\\\/\\\/zelena-tocka.si\\\/ptujski-luk\\\/wp-content\\\/uploads\\\/2018\\\/02\\\/cropped-logo_web.png\",\"width\":500,\"height\":150,\"caption\":\"Ptujski l\u00fck\"},\"image\":{\"@id\":\"https:\\\/\\\/zelena-tocka.si\\\/ptujski-luk\\\/#\\\/schema\\\/logo\\\/image\\\/\"}}]}<\/script>\n<!-- \/ Yoast SEO plugin. -->","yoast_head_json":{"title":"Farms growing Ptujski l\u00fck - Ptujski l\u00fck","robots":{"index":"index","follow":"follow","max-snippet":"max-snippet:-1","max-image-preview":"max-image-preview:large","max-video-preview":"max-video-preview:-1"},"canonical":"https:\/\/zelena-tocka.si\/ptujski-luk\/farms-growing-ptujski-luk\/","og_locale":"sl_SI","og_type":"article","og_title":"Farms growing Ptujski l\u00fck - Ptujski l\u00fck","og_description":"[vc_row][vc_column][vc_column_text]Once a vital source of income for families living on the Ptujsko polje, Ptujski l\u00fck is now part of a well-preserved tradition and the direct fruit of growers\u2019 labour, since most of the production process has remained manual. Only six families still grow Ptuski l\u00fck on the Ptujsko polje using the original methods; this has [...]Preberi ve\u010d \u00bb","og_url":"https:\/\/zelena-tocka.si\/ptujski-luk\/en\/farms-growing-ptujski-luk\/","og_site_name":"Ptujski l\u00fck","article_modified_time":"2019-12-24T08:23:38+00:00","twitter_card":"summary_large_image","twitter_misc":{"Est. reading time":"5 minut"},"schema":{"@context":"https:\/\/schema.org","@graph":[{"@type":"WebPage","@id":"https:\/\/zelena-tocka.si\/ptujski-luk\/en\/farms-growing-ptujski-luk\/","url":"https:\/\/zelena-tocka.si\/ptujski-luk\/en\/farms-growing-ptujski-luk\/","name":"Farms growing Ptujski l\u00fck - Ptujski l\u00fck","isPartOf":{"@id":"https:\/\/zelena-tocka.si\/ptujski-luk\/#website"},"datePublished":"2018-01-26T08:24:30+00:00","dateModified":"2019-12-24T08:23:38+00:00","breadcrumb":{"@id":"https:\/\/zelena-tocka.si\/ptujski-luk\/en\/farms-growing-ptujski-luk\/#breadcrumb"},"inLanguage":"sl-SI","potentialAction":[{"@type":"ReadAction","target":["https:\/\/zelena-tocka.si\/ptujski-luk\/en\/farms-growing-ptujski-luk\/"]}]},{"@type":"BreadcrumbList","@id":"https:\/\/zelena-tocka.si\/ptujski-luk\/en\/farms-growing-ptujski-luk\/#breadcrumb","itemListElement":[{"@type":"ListItem","position":1,"name":"Home","item":"https:\/\/zelena-tocka.si\/ptujski-luk\/"},{"@type":"ListItem","position":2,"name":"Farms growing Ptujski l\u00fck"}]},{"@type":"WebSite","@id":"https:\/\/zelena-tocka.si\/ptujski-luk\/#website","url":"https:\/\/zelena-tocka.si\/ptujski-luk\/","name":"Ptujski l\u00fck","description":"Kralj \u010debul","publisher":{"@id":"https:\/\/zelena-tocka.si\/ptujski-luk\/#organization"},"potentialAction":[{"@type":"SearchAction","target":{"@type":"EntryPoint","urlTemplate":"https:\/\/zelena-tocka.si\/ptujski-luk\/?s={search_term_string}"},"query-input":{"@type":"PropertyValueSpecification","valueRequired":true,"valueName":"search_term_string"}}],"inLanguage":"sl-SI"},{"@type":"Organization","@id":"https:\/\/zelena-tocka.si\/ptujski-luk\/#organization","name":"Ptujski l\u00fck","url":"https:\/\/zelena-tocka.si\/ptujski-luk\/","logo":{"@type":"ImageObject","inLanguage":"sl-SI","@id":"https:\/\/zelena-tocka.si\/ptujski-luk\/#\/schema\/logo\/image\/","url":"https:\/\/zelena-tocka.si\/ptujski-luk\/wp-content\/uploads\/2018\/02\/cropped-logo_web.png","contentUrl":"https:\/\/zelena-tocka.si\/ptujski-luk\/wp-content\/uploads\/2018\/02\/cropped-logo_web.png","width":500,"height":150,"caption":"Ptujski l\u00fck"},"image":{"@id":"https:\/\/zelena-tocka.si\/ptujski-luk\/#\/schema\/logo\/image\/"}}]}},"_links":{"self":[{"href":"https:\/\/zelena-tocka.si\/ptujski-luk\/wp-json\/wp\/v2\/pages\/958","targetHints":{"allow":["GET"]}}],"collection":[{"href":"https:\/\/zelena-tocka.si\/ptujski-luk\/wp-json\/wp\/v2\/pages"}],"about":[{"href":"https:\/\/zelena-tocka.si\/ptujski-luk\/wp-json\/wp\/v2\/types\/page"}],"author":[{"embeddable":true,"href":"https:\/\/zelena-tocka.si\/ptujski-luk\/wp-json\/wp\/v2\/users\/4"}],"replies":[{"embeddable":true,"href":"https:\/\/zelena-tocka.si\/ptujski-luk\/wp-json\/wp\/v2\/comments?post=958"}],"version-history":[{"count":2,"href":"https:\/\/zelena-tocka.si\/ptujski-luk\/wp-json\/wp\/v2\/pages\/958\/revisions"}],"predecessor-version":[{"id":960,"href":"https:\/\/zelena-tocka.si\/ptujski-luk\/wp-json\/wp\/v2\/pages\/958\/revisions\/960"}],"wp:attachment":[{"href":"https:\/\/zelena-tocka.si\/ptujski-luk\/wp-json\/wp\/v2\/media?parent=958"}],"curies":[{"name":"wp","href":"https:\/\/api.w.org\/{rel}","templated":true}]}}