{"id":1165,"date":"2017-07-20T07:51:55","date_gmt":"2017-07-20T07:51:55","guid":{"rendered":"http:\/\/www.zelena-tocka.si\/ptujski-luk\/o-luku\/"},"modified":"2019-12-24T14:48:59","modified_gmt":"2019-12-24T14:48:59","slug":"o-luku","status":"publish","type":"page","link":"https:\/\/zelena-tocka.si\/ptujski-luk\/hr\/o-luku\/","title":{"rendered":"O luku"},"content":{"rendered":"<p>[vc_row][vc_column][vc_custom_heading text=&#8221;KRALJ LUKA i europska posebnost&#8221; font_container=&#8221;tag:h3|text_align:left|color:%23b22e20&#8243; use_theme_fonts=&#8221;yes&#8221;][vc_column_text]Ve\u0107 ga 200 godina ru\u010dno uzgajaju, beru i pletu u vijence. Isti je kao nekada. Njegov okus, o\u0161trina i kvaliteta uvr\u0161tavaju ga u sam vrh me\u0111u lukom. Upravo zbog tradicije uzgoja i podrijetla Ptujski l\u00fck dobio je shemu posebne kvalitete za\u0161ti\u0107ene oznake zemljopisnog podrijetla koja ga uvr\u0161tava ne samo na popis za\u0161ti\u0107enih slovenskih poljoprivrednih proizvoda ve\u0107 i u europske posebnosti.[\/vc_column_text][\/vc_column][\/vc_row][vc_row][vc_column][vc_single_image image=&#8221;199&#8243; img_size=&#8221;full&#8221; alignment=&#8221;center&#8221;][\/vc_column][\/vc_row][vc_row][vc_column][vc_custom_heading text=&#8221;Okus, podrijetlo, tradicija&#8221; font_container=&#8221;tag:h3|text_align:left|color:%23b22e20&#8243; use_theme_fonts=&#8221;yes&#8221;][vc_column_text]\u0160ljun\u010dano-pje\u0161\u010dano tlo Ptujskog polja, blaga klima s mnogo sunca i ki\u0161e daju posebnu o\u0161trinu njegovu okusu. Ptujski l\u00fck odli\u010dan je u kulinarstvu i brzo se rastopi prilikom kuhanja. Dobro podnosi skladi\u0161tenje. Nekada su ga skladi\u0161tili u tamnom i hladnom prostoru sve do prolje\u0107a.[\/vc_column_text][vc_column_text el_class=&#8221;with-border&#8221;]<strong>Po \u010demu je prepoznatljiv Ptujski l\u00fck?<\/strong><\/p>\n<ul>\n<li><strong>Srcolik i spljo\u0161ten oblik<\/strong><\/li>\n<li><strong>Crveno-sme\u0111a do svijetlocrvena boja vanjskih suhih ljusaka.<\/strong><\/li>\n<li><strong>Bijela lukovica s ljubi\u010dasto-crvenim nijansama i izrazitijim ljubi\u010dastim rubom.<\/strong><\/li>\n<li><strong>Najkarakteristi\u010dniji je umjereno o\u0161tar okus.<\/strong><\/li>\n<li><strong>Jak miris luka.<\/strong><\/li>\n<li><strong>Po za\u0161ti\u0107enoj oznaci zemljopisnog podrijetla.<\/strong><\/li>\n<\/ul>\n<p>[\/vc_column_text][\/vc_column][\/vc_row][vc_row][vc_column][vc_single_image image=&#8221;200&#8243; img_size=&#8221;full&#8221; alignment=&#8221;center&#8221;][\/vc_column][\/vc_row][vc_row][vc_column][vc_custom_heading text=&#8221;ZA\u0160TI\u0106ENA OZNAKA ZEMLJOPISNOG PODRIJETLA&#8221; font_container=&#8221;tag:h3|text_align:left|color:%23b22e20&#8243; use_theme_fonts=&#8221;yes&#8221;][\/vc_column][\/vc_row][vc_row css=&#8221;.vc_custom_1516965696201{margin-top: 20px !important;}&#8221;][vc_column][vc_single_image image=&#8221;53&#8243; img_size=&#8221;medium&#8221;][\/vc_column][\/vc_row][vc_row][vc_column][vc_column_text]Da bi poljoprivredni proizvod dobio za\u0161ti\u0107enu oznaku zemljopisnog podrijetla, mora imati posebnu kvalitetu, ugled, tradiciju ili druge zna\u010dajke. Podrijetlo mora imati na odre\u0111enom zemljopisnom podru\u010dju. U slu\u010daju Ptujskog l\u00fcka pravilnik odre\u0111uje strogo zemljopisno podru\u010dje na kojem se uzgaja Ptujski l\u00fck, a to je samo Ptujsko polje sve do Ormo\u017ea. Shema posebne kvalitete potro\u0161a\u010du jam\u010di da kupuje originalan luk, uzgojen na tradicionalan na\u010din. Certificiranje zna\u010di da neovisna kontrolna organizacija pri pojedina\u010dnom proizvo\u0111a\u010du godi\u0161nje kontrolira po\u0161tivanje pravila proizvodnje i ostale uvjete koji su jasno opredijeljeni u za\u0161titi. Originalan Ptujski l\u00fck mo\u017ee se prepoznati po za\u0161titnom znaku na ambala\u017ei. Shema ZOGP vrijedi u Europi, \u0161to zna\u010di da je originalan Ptujski l\u00fck europski za\u0161ti\u0107en poljoprivredni proizvod.[\/vc_column_text][\/vc_column][\/vc_row][vc_row][vc_column width=&#8221;1\/3&#8243;][vc_single_image image=&#8221;205&#8243; img_size=&#8221;full&#8221; alignment=&#8221;center&#8221; onclick=&#8221;link_image&#8221;][\/vc_column][vc_column width=&#8221;1\/3&#8243;][vc_single_image image=&#8221;206&#8243; img_size=&#8221;full&#8221; alignment=&#8221;center&#8221; onclick=&#8221;link_image&#8221;][\/vc_column][vc_column width=&#8221;1\/3&#8243;][vc_single_image image=&#8221;207&#8243; img_size=&#8221;full&#8221; alignment=&#8221;center&#8221; onclick=&#8221;link_image&#8221;][\/vc_column][\/vc_row]<\/p>\n","protected":false},"excerpt":{"rendered":"<p>[vc_row][vc_column][vc_custom_heading text=&#8221;KRALJ LUKA i europska posebnost&#8221; font_container=&#8221;tag:h3|text_align:left|color:%23b22e20&#8243; use_theme_fonts=&#8221;yes&#8221;][vc_column_text]Ve\u0107 ga 200 godina ru\u010dno uzgajaju, beru i pletu u vijence. Isti je kao nekada. Njegov okus, o\u0161trina i kvaliteta uvr\u0161tavaju ga u sam vrh me\u0111u lukom. Upravo zbog tradicije uzgoja i podrijetla Ptujski l\u00fck dobio je shemu posebne kvalitete za\u0161ti\u0107ene oznake zemljopisnog podrijetla koja ga uvr\u0161tava ne [&#8230;]<\/p>\n<p><a class=\"btn btn-secondary understrap-read-more-link\" href=\"https:\/\/zelena-tocka.si\/ptujski-luk\/hr\/o-luku\/\">Preberi ve\u010d \u00bb<\/a><\/p>\n","protected":false},"author":4,"featured_media":0,"parent":0,"menu_order":0,"comment_status":"closed","ping_status":"closed","template":"page-templates\/right-sidebarpage.php","meta":{"footnotes":""},"class_list":["post-1165","page","type-page","status-publish","hentry"],"yoast_head":"<!-- This site is optimized with the Yoast SEO plugin v27.3 - https:\/\/yoast.com\/product\/yoast-seo-wordpress\/ -->\n<title>O luku - Ptujski l\u00fck<\/title>\n<meta name=\"robots\" content=\"index, follow, max-snippet:-1, max-image-preview:large, max-video-preview:-1\" \/>\n<link rel=\"canonical\" href=\"https:\/\/zelena-tocka.si\/ptujski-luk\/o-luku\/\" \/>\n<meta property=\"og:locale\" content=\"sl_SI\" \/>\n<meta property=\"og:type\" content=\"article\" \/>\n<meta property=\"og:title\" content=\"O luku - Ptujski l\u00fck\" \/>\n<meta property=\"og:description\" content=\"[vc_row][vc_column][vc_custom_heading text=&#8221;KRALJ LUKA i europska posebnost&#8221; font_container=&#8221;tag:h3|text_align:left|color:%23b22e20&#8243; use_theme_fonts=&#8221;yes&#8221;][vc_column_text]Ve\u0107 ga 200 godina ru\u010dno uzgajaju, beru i pletu u vijence. Isti je kao nekada. Njegov okus, o\u0161trina i kvaliteta uvr\u0161tavaju ga u sam vrh me\u0111u lukom. Upravo zbog tradicije uzgoja i podrijetla Ptujski l\u00fck dobio je shemu posebne kvalitete za\u0161ti\u0107ene oznake zemljopisnog podrijetla koja ga uvr\u0161tava ne [...]Preberi ve\u010d \u00bb\" \/>\n<meta property=\"og:url\" content=\"https:\/\/zelena-tocka.si\/ptujski-luk\/hr\/o-luku\/\" \/>\n<meta property=\"og:site_name\" content=\"Ptujski l\u00fck\" \/>\n<meta property=\"article:modified_time\" content=\"2019-12-24T14:48:59+00:00\" \/>\n<meta name=\"twitter:card\" content=\"summary_large_image\" \/>\n<meta name=\"twitter:label1\" content=\"Est. reading time\" \/>\n\t<meta name=\"twitter:data1\" content=\"3 minute\" \/>\n<script type=\"application\/ld+json\" class=\"yoast-schema-graph\">{\"@context\":\"https:\\\/\\\/schema.org\",\"@graph\":[{\"@type\":\"WebPage\",\"@id\":\"https:\\\/\\\/zelena-tocka.si\\\/ptujski-luk\\\/hr\\\/o-luku\\\/\",\"url\":\"https:\\\/\\\/zelena-tocka.si\\\/ptujski-luk\\\/hr\\\/o-luku\\\/\",\"name\":\"O luku - Ptujski l\u00fck\",\"isPartOf\":{\"@id\":\"https:\\\/\\\/zelena-tocka.si\\\/ptujski-luk\\\/#website\"},\"datePublished\":\"2017-07-20T07:51:55+00:00\",\"dateModified\":\"2019-12-24T14:48:59+00:00\",\"breadcrumb\":{\"@id\":\"https:\\\/\\\/zelena-tocka.si\\\/ptujski-luk\\\/hr\\\/o-luku\\\/#breadcrumb\"},\"inLanguage\":\"sl-SI\",\"potentialAction\":[{\"@type\":\"ReadAction\",\"target\":[\"https:\\\/\\\/zelena-tocka.si\\\/ptujski-luk\\\/hr\\\/o-luku\\\/\"]}]},{\"@type\":\"BreadcrumbList\",\"@id\":\"https:\\\/\\\/zelena-tocka.si\\\/ptujski-luk\\\/hr\\\/o-luku\\\/#breadcrumb\",\"itemListElement\":[{\"@type\":\"ListItem\",\"position\":1,\"name\":\"Home\",\"item\":\"https:\\\/\\\/zelena-tocka.si\\\/ptujski-luk\\\/\"},{\"@type\":\"ListItem\",\"position\":2,\"name\":\"O luku\"}]},{\"@type\":\"WebSite\",\"@id\":\"https:\\\/\\\/zelena-tocka.si\\\/ptujski-luk\\\/#website\",\"url\":\"https:\\\/\\\/zelena-tocka.si\\\/ptujski-luk\\\/\",\"name\":\"Ptujski l\u00fck\",\"description\":\"Kralj \u010debul\",\"publisher\":{\"@id\":\"https:\\\/\\\/zelena-tocka.si\\\/ptujski-luk\\\/#organization\"},\"potentialAction\":[{\"@type\":\"SearchAction\",\"target\":{\"@type\":\"EntryPoint\",\"urlTemplate\":\"https:\\\/\\\/zelena-tocka.si\\\/ptujski-luk\\\/?s={search_term_string}\"},\"query-input\":{\"@type\":\"PropertyValueSpecification\",\"valueRequired\":true,\"valueName\":\"search_term_string\"}}],\"inLanguage\":\"sl-SI\"},{\"@type\":\"Organization\",\"@id\":\"https:\\\/\\\/zelena-tocka.si\\\/ptujski-luk\\\/#organization\",\"name\":\"Ptujski l\u00fck\",\"url\":\"https:\\\/\\\/zelena-tocka.si\\\/ptujski-luk\\\/\",\"logo\":{\"@type\":\"ImageObject\",\"inLanguage\":\"sl-SI\",\"@id\":\"https:\\\/\\\/zelena-tocka.si\\\/ptujski-luk\\\/#\\\/schema\\\/logo\\\/image\\\/\",\"url\":\"https:\\\/\\\/zelena-tocka.si\\\/ptujski-luk\\\/wp-content\\\/uploads\\\/2018\\\/02\\\/cropped-logo_web.png\",\"contentUrl\":\"https:\\\/\\\/zelena-tocka.si\\\/ptujski-luk\\\/wp-content\\\/uploads\\\/2018\\\/02\\\/cropped-logo_web.png\",\"width\":500,\"height\":150,\"caption\":\"Ptujski l\u00fck\"},\"image\":{\"@id\":\"https:\\\/\\\/zelena-tocka.si\\\/ptujski-luk\\\/#\\\/schema\\\/logo\\\/image\\\/\"}}]}<\/script>\n<!-- \/ Yoast SEO plugin. -->","yoast_head_json":{"title":"O luku - Ptujski l\u00fck","robots":{"index":"index","follow":"follow","max-snippet":"max-snippet:-1","max-image-preview":"max-image-preview:large","max-video-preview":"max-video-preview:-1"},"canonical":"https:\/\/zelena-tocka.si\/ptujski-luk\/o-luku\/","og_locale":"sl_SI","og_type":"article","og_title":"O luku - Ptujski l\u00fck","og_description":"[vc_row][vc_column][vc_custom_heading text=&#8221;KRALJ LUKA i europska posebnost&#8221; font_container=&#8221;tag:h3|text_align:left|color:%23b22e20&#8243; use_theme_fonts=&#8221;yes&#8221;][vc_column_text]Ve\u0107 ga 200 godina ru\u010dno uzgajaju, beru i pletu u vijence. Isti je kao nekada. Njegov okus, o\u0161trina i kvaliteta uvr\u0161tavaju ga u sam vrh me\u0111u lukom. Upravo zbog tradicije uzgoja i podrijetla Ptujski l\u00fck dobio je shemu posebne kvalitete za\u0161ti\u0107ene oznake zemljopisnog podrijetla koja ga uvr\u0161tava ne [...]Preberi ve\u010d \u00bb","og_url":"https:\/\/zelena-tocka.si\/ptujski-luk\/hr\/o-luku\/","og_site_name":"Ptujski l\u00fck","article_modified_time":"2019-12-24T14:48:59+00:00","twitter_card":"summary_large_image","twitter_misc":{"Est. reading time":"3 minute"},"schema":{"@context":"https:\/\/schema.org","@graph":[{"@type":"WebPage","@id":"https:\/\/zelena-tocka.si\/ptujski-luk\/hr\/o-luku\/","url":"https:\/\/zelena-tocka.si\/ptujski-luk\/hr\/o-luku\/","name":"O luku - Ptujski l\u00fck","isPartOf":{"@id":"https:\/\/zelena-tocka.si\/ptujski-luk\/#website"},"datePublished":"2017-07-20T07:51:55+00:00","dateModified":"2019-12-24T14:48:59+00:00","breadcrumb":{"@id":"https:\/\/zelena-tocka.si\/ptujski-luk\/hr\/o-luku\/#breadcrumb"},"inLanguage":"sl-SI","potentialAction":[{"@type":"ReadAction","target":["https:\/\/zelena-tocka.si\/ptujski-luk\/hr\/o-luku\/"]}]},{"@type":"BreadcrumbList","@id":"https:\/\/zelena-tocka.si\/ptujski-luk\/hr\/o-luku\/#breadcrumb","itemListElement":[{"@type":"ListItem","position":1,"name":"Home","item":"https:\/\/zelena-tocka.si\/ptujski-luk\/"},{"@type":"ListItem","position":2,"name":"O luku"}]},{"@type":"WebSite","@id":"https:\/\/zelena-tocka.si\/ptujski-luk\/#website","url":"https:\/\/zelena-tocka.si\/ptujski-luk\/","name":"Ptujski l\u00fck","description":"Kralj \u010debul","publisher":{"@id":"https:\/\/zelena-tocka.si\/ptujski-luk\/#organization"},"potentialAction":[{"@type":"SearchAction","target":{"@type":"EntryPoint","urlTemplate":"https:\/\/zelena-tocka.si\/ptujski-luk\/?s={search_term_string}"},"query-input":{"@type":"PropertyValueSpecification","valueRequired":true,"valueName":"search_term_string"}}],"inLanguage":"sl-SI"},{"@type":"Organization","@id":"https:\/\/zelena-tocka.si\/ptujski-luk\/#organization","name":"Ptujski l\u00fck","url":"https:\/\/zelena-tocka.si\/ptujski-luk\/","logo":{"@type":"ImageObject","inLanguage":"sl-SI","@id":"https:\/\/zelena-tocka.si\/ptujski-luk\/#\/schema\/logo\/image\/","url":"https:\/\/zelena-tocka.si\/ptujski-luk\/wp-content\/uploads\/2018\/02\/cropped-logo_web.png","contentUrl":"https:\/\/zelena-tocka.si\/ptujski-luk\/wp-content\/uploads\/2018\/02\/cropped-logo_web.png","width":500,"height":150,"caption":"Ptujski l\u00fck"},"image":{"@id":"https:\/\/zelena-tocka.si\/ptujski-luk\/#\/schema\/logo\/image\/"}}]}},"_links":{"self":[{"href":"https:\/\/zelena-tocka.si\/ptujski-luk\/wp-json\/wp\/v2\/pages\/1165","targetHints":{"allow":["GET"]}}],"collection":[{"href":"https:\/\/zelena-tocka.si\/ptujski-luk\/wp-json\/wp\/v2\/pages"}],"about":[{"href":"https:\/\/zelena-tocka.si\/ptujski-luk\/wp-json\/wp\/v2\/types\/page"}],"author":[{"embeddable":true,"href":"https:\/\/zelena-tocka.si\/ptujski-luk\/wp-json\/wp\/v2\/users\/4"}],"replies":[{"embeddable":true,"href":"https:\/\/zelena-tocka.si\/ptujski-luk\/wp-json\/wp\/v2\/comments?post=1165"}],"version-history":[{"count":3,"href":"https:\/\/zelena-tocka.si\/ptujski-luk\/wp-json\/wp\/v2\/pages\/1165\/revisions"}],"predecessor-version":[{"id":1168,"href":"https:\/\/zelena-tocka.si\/ptujski-luk\/wp-json\/wp\/v2\/pages\/1165\/revisions\/1168"}],"wp:attachment":[{"href":"https:\/\/zelena-tocka.si\/ptujski-luk\/wp-json\/wp\/v2\/media?parent=1165"}],"curies":[{"name":"wp","href":"https:\/\/api.w.org\/{rel}","templated":true}]}}